t j(q) = q**2 + 2702*q - 13512. Calculate j(5).
23
Let c(x) = -x**3 - 26*x**2 - 47*x - 577. What is c(-25)?
-27
Let p(z) = 240*z - 1466. Determine p(6).
-26
Let y(q) = -3*q**3 - 21*q**2 - 33*q - 6. Calculate y(-5).
9
Let s(m) = 77*m**3 + 4*m - 4. Give s(1).
77
Let p(b) = -1732*b - 15583. Determine p(-9).
5
Let k(w) = -2*w**3 - 7*w**2 - 9*w - 5. Calculate k(-2).
1
Let r(x) = x**2 - 70*x + 281. What is r(66)?
17
Let c(k) = -59*k + 902. Give c(13).
135
Let w(n) = -71*n - 586. Calculate w(-8).
-18
Let k(g) = -6*g**2 + 15*g - 74. What is k(-9)?
-695
Let b(q) = -q**2 - 88*q - 1835. Calculate b(-54).
1
Let k(b) = -7877*b - 39402. Determine k(-5).
-17
Let m(g) = 110*g**2 - 100*g + 99. Give m(1).
109
Let a(v) = -126*v + 609. Determine a(5).
-21
Let j(l) = l**3 + 17*l**2 + 49*l + 71. Calculate j(-14).
-27
Let r(s) = s**2 - 15*s + 31. Give r(16).
47
Let b(f) = -f**2 + 59*f - 882. Calculate b(32).
-18
Let m(r) = -3*r**2 - 1352*r + 6821. Give m(5).
-14
Let v(a) = -32*a - 32. Determine v(-1).
0
Let t(i) = i**3 - 13*i**2 + 19*i - 18. Determine t(12).
66
Let i(l) = -8*l + 5. Determine i(13).
-99
Let o(l) = 2*l**3 + 115*l**2 + 1380*l + 49. What is o(-17)?
-2
Let l(h) = -2*h**3 - 41*h**2 - 23*h - 49. Give l(-20).
11
Let c(y) = y**3 - 2*y**2 - 54*y - 82. Give c(9).
-1
Let h(t) = 5*t**3 + 12*t**2 - 34*t - 101. Calculate h(-3).
-26
Let c(x) = -x**3 - 2*x**2 + 5*x + 7. Calculate c(-2).
-3
Let t(p) = -13*p**2 + 56*p - 2. Determine t(1).
41
Let z(h) = -1195*h - 5986. What is z(-5)?
-11
Let f(p) = -p**3 + 83*p**2 + 20*p - 1593. Give f(83).
67
Let a(r) = 77*r**2 + 329*r - 6. Give a(-4).
-90
Let u(x) = 602*x + 475. Determine u(-1).
-127
Let v(u) = u**3 + 62*u**2 - 64*u - 74. Give v(-63).
-11
Let z(v) = 3*v**3 - 19*v**2 - 6*v - 38. Give z(7).
18
Let n(m) = m**2 - m - 72. What is n(-9)?
18
Let q(k) = -893*k - 23202. Determine q(-26).
16
Let g(t) = -2*t**3 + 18*t - 10. What is g(3)?
-10
Let t(l) = -3*l**2 + 200*l + 13870. What is t(109)?
27
Let v(o) = o**3 - 7*o**2 - 31*o + 233. Calculate v(6).
11
Let i(b) = -b**3 - 99*b**2 - 196*b - 189. Calculate i(-97).
5
Let r(c) = -c**3 + 3*c**2 + 10*c - 9. Determine r(5).
-9
Let l(f) = 12*f**3 - 310*f**2 - 52*f + 11. Determine l(26).
11
Let i(b) = -b**2 - 10675*b - 74685. Calculate i(-7).
-9
Let c(l) = -l**2 - 32*l + 376. Determine c(9).
7
Let g(f) = -4182*f + 25098. Determine g(6).
6
Let y(f) = -2*f**3 - 6*f**2 + 8*f + 9. Calculate y(-6).
177
Let v(p) = 4*p + 491. Give v(-8).
459
Let u(f) = -4*f**3 + 30*f**2 - 40*f + 27. What is u(6)?
3
Let w(q) = q**3 - 5*q**2 - 7*q - 34. Calculate w(7).
15
Let a(r) = -60*r + 518. Calculate a(8).
38
Let k(w) = w**3 + 18*w**2 - 148*w - 94. Give k(-24).
2
Let s(m) = m**3 - 10*m**2 + 27*m - 17. What is s(6)?
1
Let z(f) = f**3 - 123*f**2 + 256*f - 1684. What is z(121)?
10
Let v(a) = 28*a + 80. Give v(-3).
-4
Let v(y) = y**3 + 25*y**2 - 38*y - 320. Calculate v(-26).
-8
Let s(u) = 2*u - 130. Give s(32).
-66
Let c(l) = -l**3 - 2*l**2 + 11. Give c(0).
11
Let h(m) = 46*m + 49. Give h(10).
509
Let t(s) = -14*s**2 + 399*s + 1084. Give t(31).
-1
Let g(k) = k**3 + 56*k**2 - 738*k + 9. What is g(11)?
-2
Let t(k) = 73*k - 5116. What is t(70)?
-6
Let a(y) = 6*y - 344. Determine a(54).
-20
Let z(o) = 126*o - 1946. What is z(15)?
-56
Let c(l) = -l**2 - 97*l + 737. Calculate c(-105).
-103
Let s(o) = 142*o + 627. Determine s(-5).
-83
Let h(q) = 115*q**2 + 1042*q + 23. What is h(-9)?
-40
Let z(p) = p**3 + 12*p**2 - 2768*p + 303. Give z(-59).
8
Let i(f) = -3*f**2 - 114*f + 257. Determine i(-40).
17
Let d(y) = -y**3 - 6*y**2 + 12*y + 4. What is d(-8)?
36
Let f(g) = -99*g**3 + 302*g**2 - 6*g - 2. Calculate f(3).
25
Let t(m) = 2*m**3 + m**2 - 30*m - 1. Calculate t(-6).
-217
Let f(g) = -21*g**2 - 226*g + 4. Determine f(-11).
-51
Let g(u) = u**2 + 335*u + 9752. Calculate g(-32).
56
Let r(o) = 81*o + 337. Determine r(-4).
13
Let x(q) = q**3 - 56*q**2 + 107*q + 45. Give x(54).
-9
Let r(z) = z**3 - 33*z**2 - 98*z - 364. Give r(36).
-4
Let h(c) = -2*c**2 - 32*c - 28. What is h(-8)?
100
Let q(t) = -t**3 - 46*t**2 - 41*t + 146. Determine q(-45).
-34
Let f(p) = -7*p**2 - 15*p + 10. Calculate f(-5).
-90
Let y(n) = n**3 - 74*n**2 - 312*n - 16. What is y(78)?
-16
Let s(q) = -46*q - 2341. Calculate s(-51).
5
Let y(p) = p**2 - 52*p + 84. What is y(54)?
192
Let q(r) = -32*r - 32. Calculate q(-5).
128
Let n(l) = -l**2 + 283*l - 19754. Calculate n(125).
-4
Let v(d) = -5*d**2 - 25*d - 25. What is v(4)?
-205
Let z(v) = v**3 - 26*v**2 + 23*v + 15. Give z(25).
-35
Let a(u) = -u**3 + 32*u**2 - 153*u - 36. Give a(26).
42
Let w(a) = -a**3 - 28*a**2 - 106*a - 165. What is w(-24)?
75
Let c(h) = h**3 + h**2 - 207*h + 11. Calculate c(-15).
-34
Let r(t) = -t**3 - 214*t**2 + 1549*t - 10. What is r(7)?
4
Let q(p) = 4*p**2 - 4*p - 38. Calculate q(-6).
130
Let u(d) = -d**3 - 39*d**2 - 44*d - 111. Determine u(-38).
117
Let c(r) = 142*r - 5493. Give c(39).
45
Let z(g) = -2*g**3 + 33*g**2 + 16*g + 15. Determine z(17).
-2
Let j(a) = 51*a + 5261. Calculate j(-103).
8
Let d(v) = 27*v + 596. Calculate d(-22).
2
Let x(p) = p**2 - 29*p - 145. Calculate x(-6).
65
Let o(m) = -m**3 - 32*m**2 + 30*m - 88. Give o(-33).
11
Let w(g) = 190*g**2 + 3993*g + 73. Calculate w(-21).
10
Let n(t) = -7*t - 99. Determine n(-16).
13
Let b(j) = j**2 + 5*j - 14. Give b(-2).
-20
Let q(s) = -s**3 - s**2 + 18*s - 2. What is q(-6)?
70
Let y(z) = -6*z - 119. What is y(-11)?
-53
Let l(a) = 6*a + 463. Determine l(-47).
181
Let o(h) = -h**3 - 13*h**2 - 21*h - 764. What is o(-15)?
1
Let s(i) = -5*i**2 + 1865*i + 3748. Calculate s(375).
-2
Let v(b) = -14*b - 1355. Give v(-100).
45
Let r(z) = 36*z**3 - 3*z**2 + 2*z + 4. Give r(-1).
-37
Let y(x) = -x**2 + 256*x + 13. Determine y(0).
13
Let f(x) = x**3 + 49*x**2 - 49*x + 49. Calculate f(-50).
-1
Let k(l) = -l**3 + 208*l**2 + 21222*l + 854. Give k(283).
5
Let r(x) = 3*x**3 - 53*x**2 - 22*x + 93. Calculate r(18).
21
Let c(j) = -j**2 - 35*j + 1769. Calculate c(28).
5
Let y(q) = -30*q**2 + 273*q + 674. Determine y(-2).
8
Let d(w) = 12*w**3 + 928*w**2 - 625*w - 63. Determine d(-78).
15
Let n(o) = -o**2 + 22*o - 86. Give n(16).
10
Let b(m) = 1803*m - 10808. Give b(6).
10
Let y(d) = 169*d**2 - d + 2. Determine y(0).
2
Let v(f) = -8*f**2 + 30*f - 7. What is v(3)?
11
Let m(w) = -166*w + 4. Calculate m(-1).
170
Let c(f) = -f**2 - 392*f + 3192. Give c(8).
-8
Let z(s) = s**3 + 8*s**2 + 17*s - 31. Calculate z(-10).
-401
Let h(v) = -v**2 + 26*v - 176. What is h(12)?
-8
Let f(c) = -c**3 - 9*c**2 - 16*c - 29. Calculate f(-7).
-15
Let c(z) = 2*z**2 - 267*z - 3195. Calculate c(-11).
-16
Let z(g) = 170*g + 4418. What is z(-26)?
-2
Let q(n) = -n + 70. What is q(-30)?
100
Let r(n) = n**3 - 34*n**2 + 41*n - 7. Determine r(33).
257
Let v(d) = 99*d - 5561. Give v(57).
82
Let r(n) = 15*n + 539. What is r(-49)?
-196
Let w(t) = -5047*t + 45419. Give w(9).
-4
Let v(m) = 9*m**2 + 408*m - 256. Determine v(-46).
20
Let q(l) = 19*l**3 - 11*l**2 - 15*l - 5. Calculate q(-1).
-20
Let l(n) = n**3 - 4*n**2 + 6*n - 13. Calculate l(3).
-4
Let n(x) = -x**3 - 14*x**2 - 51*x - 3. What is n(-7)?
11
Let h(f) = 4*f**2 + 183*f - 135. Determine h(-45).
-270
Let f(h) = h**2 + 948*h - 6707. What is f(7)?
-22
Let t(b) = -b**3 + 80*b**2 + 76*b + 560. Give t(81).
155
Let h(f) = -f**3 - 26*f**2 - 50*f - 57. Determine h(-24).
-9
Let r(c) = -1425*c + 11381. Give r(8).
-19
Let m(c) = -10*c**2 + 10*c + 52. Calculate m(-4).
-148
Let g(y) = 678*y - 108. Calculate g(1).
570
Let j(m) = 9*m**3 - m**2 - 11*m - 11. Determine j(-1).
-10
Let q(i) = -5*i**2 + 782*i + 469. Calculate q(157).
-2
Let m(t) = -t**3 - 12*t**2 + 105. Calculate m(0).
105
Let z(i) = i - 801. Give z(-49).
-850
Let k(m) = -176*m + 1403. Determine k(8).
-5
Let d(r) = -r**2 - 12*r + 7. Calculate d(-12).
7
Let v(o) = -4*o**2 + 17*o - 16. What is v(1)?
-3
Let q(c) = -74*c + 309. Determine q(5).
-61
Let k(m) = m**3 - 2*m**2 - 3*m - 3. Calculate k(-3).
-39
Let a(r) = -r**3 + 35*r**2 + 40*r - 145. Give a(36).
-1
Let b(r) = r**3 + 23*r**2 + 9*r + 78. What is b(-23)?
-129
Let s(w) = 110*w**2 + 19*w + 2. What is s(1)?
131
Let n(i) = -3*i**2 - 72*i + 70. Calculate n(1).
-5
Let m(o) = -34*o + 301. Give m(9).
-5
Let p(u) = -13*u**2 + 26*u + 26. Determine p(-1).
-13
Let z(w) = w**2 - 23*w - 256. Give z(20).
-316
Let a(n) = 93*n - 1674. Give a(19).
93